{"id":788,"date":"2013-01-22T13:49:33","date_gmt":"2013-01-22T12:49:33","guid":{"rendered":"http:\/\/wanderoper.de\/?page_id=788"},"modified":"2015-11-13T13:38:27","modified_gmt":"2015-11-13T12:38:27","slug":"die-zauberflote","status":"publish","type":"page","link":"http:\/\/wanderoper.de\/?page_id=788","title":{"rendered":"Die Zauberfl\u00f6te"},"content":{"rendered":"<p>Die ZAUBERFL\u00d6TE ist eine Oper, die sich eindeutiger Etikettierung und Interpretation entzieht. Zu vieles ist in sie eingeflossen: mehrere Vorformen als Kunstm\u00e4rchen, die  Gedanken- und Symbolwelt der Freimaurer, die st\u00fcrmischen politischen Verh\u00e4ltnisse, in denen alle Hoffnung der aufgekl\u00e4rten b\u00fcrgerlichen Kr\u00e4fte an Joseph II. hing und alle Sorge um R\u00fcckfall in den Absolutismus sich mit Maria Theresia verband,  eine Geschichte des Erwachsenwerdens zweier Kinder, eine Geschichte vom dornigen Weg der Aufkl\u00e4rung, aber auch von der Befriedung der zerrissenen Welt , der \u00dcberwindung des \u201eKalten Krieges\u201c in neue Harmonie durch das in Pr\u00fcfungen bew\u00e4hrte und durch Liebe gerechtfertigte \u201eHohe Paar\u201c.  Ebenso aber steckt auch das Wiener Vorstadttheater mit seinen Hans -Wurstiaden in ihr und das Maschinen- und Zaubertheater des Barock.<br \/>\nIm M\u00e4rchengewand werden Antinomien wie Mann-Frau, gut-b\u00f6se, Nacht-Tag, Natur-Kultur,<br \/>\nSonne- Mond, Liebe- Ha\u00df, die Ur-Pole aller menschlichen Existenz,  behandelt und verhandelt.<br \/>\nDurch das M\u00e4rchengewand bleiben alle diese Bestandteile und Themen in ihrer Vieldeutigkeit und Hintergr\u00fcndigkeit erhalten und sind doch zu einer wunderbar einheitlichen Geschichte verschmolzen.<br \/>\nDie Vielzahl der Themen und Formen, die Bestandteile der ZAUBERFL\u00d6TE sind, machen eine Vielzahl unterschiedlicher Herangehensweisen und Interpretationen m\u00f6glich, auch sehr gegens\u00e4tzliche. Mal wird es als Befreiung, mal als Gleichschaltung gewertet, mal geht es um den Sieg des Guten, mal wird Verfestigung des Unrechts diagnostiziert, mal als farbenfrohes Familien-M\u00e4rchen, mal als abstrakte Ideen-Oper.<\/p>\n<p>Ich m\u00f6chte diesen vielen m\u00f6glichen Interpretationen des Stoffes keine weitere, gar \u201enoch nie dagewesene\u201c oder \u201ebrandaktuelle\u201c hinzuf\u00fcgen, sondern m\u00f6chte sie so erz\u00e4hlen, dass m\u00f6glichst viele ihrer Bestandteile erhalten bleiben , sich gegenseitig bereichern und erg\u00e4nzen.<\/p>\n<p>Es soll ein M\u00e4rchen bleiben, das immer mehr \u201ewirklich\u201c  wird, mit Zauberei beginnt und mit praktischer Vernunft, vor allem aber mit Liebe endet, das \u201eirgendwo\u201c spielt, dessen Menschen uns aber erstaunlich nahe sind.<br \/>\nUnd ich glaube, dass diese Geschichte eine Tendenz zum Guten hat: zuerst von der Frau zum Mann, von der Nacht zum Tag, von der Natur zur Kultur, vom Zaubern zum Bauen, vom Absolutismus zur Freiheit, am Ende aber \u00fcber alle k\u00fcnstliche und feindselige Spaltung hinweg zu neuer Harmonie: zum Menschen als Mann und Frau, als Wesen von Natur und Kultur, von Tag und Nacht gepr\u00e4gt und ihrer bed\u00fcrfend.<\/p>\n","protected":false},"excerpt":{"rendered":"<p>Die ZAUBERFL\u00d6TE ist eine Oper, die sich eindeutiger Etikettierung und Interpretation entzieht. Zu vieles ist in sie eingeflossen: mehrere Vorformen als Kunstm\u00e4rchen, die Gedanken- und Symbolwelt der Freimaurer, die st\u00fcrmischen politischen Verh\u00e4ltnisse, in denen alle Hoffnung der aufgekl\u00e4rten b\u00fcrgerlichen Kr\u00e4fte an Joseph II. hing und alle Sorge um R\u00fcckfall in den Absolutismus sich mit Maria [&hellip;]<\/p>\n","protected":false},"author":1,"featured_media":789,"parent":774,"menu_order":0,"comment_status":"closed","ping_status":"open","template":"page-templates\/page-repertoire.php","meta":{"jetpack_post_was_ever_published":false},"jetpack_sharing_enabled":true,"jetpack_shortlink":"https:\/\/wp.me\/P6Vnb4-cI","_links":{"self":[{"href":"http:\/\/wanderoper.de\/index.php?rest_route=\/wp\/v2\/pages\/788"}],"collection":[{"href":"http:\/\/wanderoper.de\/index.php?rest_route=\/wp\/v2\/pages"}],"about":[{"href":"http:\/\/wanderoper.de\/index.php?rest_route=\/wp\/v2\/types\/page"}],"author":[{"embeddable":true,"href":"http:\/\/wanderoper.de\/index.php?rest_route=\/wp\/v2\/users\/1"}],"replies":[{"embeddable":true,"href":"http:\/\/wanderoper.de\/index.php?rest_route=%2Fwp%2Fv2%2Fcomments&post=788"}],"version-history":[{"count":9,"href":"http:\/\/wanderoper.de\/index.php?rest_route=\/wp\/v2\/pages\/788\/revisions"}],"predecessor-version":[{"id":1268,"href":"http:\/\/wanderoper.de\/index.php?rest_route=\/wp\/v2\/pages\/788\/revisions\/1268"}],"up":[{"embeddable":true,"href":"http:\/\/wanderoper.de\/index.php?rest_route=\/wp\/v2\/pages\/774"}],"wp:featuredmedia":[{"embeddable":true,"href":"http:\/\/wanderoper.de\/index.php?rest_route=\/wp\/v2\/media\/789"}],"wp:attachment":[{"href":"http:\/\/wanderoper.de\/index.php?rest_route=%2Fwp%2Fv2%2Fmedia&parent=788"}],"curies":[{"name":"wp","href":"https:\/\/api.w.org\/{rel}","templated":true}]}}

Die Zauberflöte

<p>Die ZAUBERFLÖTE ist eine Oper, die sich eindeutiger Etikettierung und Interpretation entzieht. Zu vieles ist in sie eingeflossen: mehrere Vorformen als Kunstmärchen, die  Gedanken- und Symbolwelt der Freimaurer, die stürmischen politischen Verhältnisse, in denen alle Hoffnung der aufgeklärten bürgerlichen Kräfte an Joseph II. hing und alle Sorge um Rückfall in den Absolutismus sich mit Maria Theresia verband,  eine Geschichte des Erwachsenwerdens zweier Kinder, eine Geschichte vom dornigen Weg der Aufklärung, aber auch von der Befriedung der zerrissenen Welt , der Überwindung des „Kalten Krieges“ in neue Harmonie durch das in Prüfungen bewährte und durch Liebe gerechtfertigte „Hohe Paar“.  Ebenso aber steckt auch das Wiener Vorstadttheater mit seinen Hans -Wurstiaden in ihr und das Maschinen- und Zaubertheater des Barock.<br />
Im Märchengewand werden Antinomien wie Mann-Frau, gut-böse, Nacht-Tag, Natur-Kultur,<br />
Sonne- Mond, Liebe- Haß, die Ur-Pole aller menschlichen Existenz,  behandelt und verhandelt.<br />
Durch das Märchengewand bleiben alle diese Bestandteile und Themen in ihrer Vieldeutigkeit und Hintergründigkeit erhalten und sind doch zu einer wunderbar einheitlichen Geschichte verschmolzen.<br />
Die Vielzahl der Themen und Formen, die Bestandteile der ZAUBERFLÖTE sind, machen eine Vielzahl unterschiedlicher Herangehensweisen und Interpretationen möglich, auch sehr gegensätzliche. Mal wird es als Befreiung, mal als Gleichschaltung gewertet, mal geht es um den Sieg des Guten, mal wird Verfestigung des Unrechts diagnostiziert, mal als farbenfrohes Familien-Märchen, mal als abstrakte Ideen-Oper.</p>
<p>Ich möchte diesen vielen möglichen Interpretationen des Stoffes keine weitere, gar „noch nie dagewesene“ oder „brandaktuelle“ hinzufügen, sondern möchte sie so erzählen, dass möglichst viele ihrer Bestandteile erhalten bleiben , sich gegenseitig bereichern und ergänzen.</p>
<p>Es soll ein Märchen bleiben, das immer mehr „wirklich“  wird, mit Zauberei beginnt und mit praktischer Vernunft, vor allem aber mit Liebe endet, das „irgendwo“ spielt, dessen Menschen uns aber erstaunlich nahe sind.<br />
Und ich glaube, dass diese Geschichte eine Tendenz zum Guten hat: zuerst von der Frau zum Mann, von der Nacht zum Tag, von der Natur zur Kultur, vom Zaubern zum Bauen, vom Absolutismus zur Freiheit, am Ende aber über alle künstliche und feindselige Spaltung hinweg zu neuer Harmonie: zum Menschen als Mann und Frau, als Wesen von Natur und Kultur, von Tag und Nacht geprägt und ihrer bedürfend.</p>

<p>Die ZAUBERFLÖTE ist eine Oper, die sich eindeutiger Etikettierung und Interpretation entzieht. Zu vieles ist in sie eingeflossen: mehrere Vorformen als Kunstmärchen, die Gedanken- und Symbolwelt der Freimaurer, die stürmischen politischen Verhältnisse, in denen alle Hoffnung der aufgeklärten bürgerlichen Kräfte an Joseph II. hing und alle Sorge um Rückfall in den Absolutismus sich mit Maria [&hellip;]</p>
