{"id":779,"date":"2013-01-22T11:54:19","date_gmt":"2013-01-22T10:54:19","guid":{"rendered":"http:\/\/wanderoper.de\/?page_id=779"},"modified":"2015-11-13T14:36:21","modified_gmt":"2015-11-13T13:36:21","slug":"hansel-und-gretel","status":"publish","type":"page","link":"http:\/\/wanderoper.de\/?page_id=779","title":{"rendered":"H\u00e4nsel und Gretel"},"content":{"rendered":"<h1>Die Geschichte von Engelbert Humperdinck und seiner Oper H\u00e4nsel und Gretel<\/h1>\n<p><img decoding=\"async\" loading=\"lazy\" class=\"alignleft size-full wp-image-830\" style=\"float: left; margin-left: -17px; margin-right: 10px; margin-top: -10px;\" src=\"http:\/\/wanderoper.de\/wp-content\/uploads\/2013\/01\/humperdinck.png\" alt=\"humperdinck\" width=\"150\" height=\"185\" \/>Der Mann, der die Oper H\u00e4nsel und Gretel geschrieben hat,hie\u00df Engelbert Humperdinck. Geboren wurde er vor \u00fcber 150 Jahren, am 1. September 1854. Sein Vater war Lehrer. Dieser wollte zwar, dass sein Sohn Klavierunterricht erh\u00e4lt, als aber Engelbert ganz begeistert von der Musik war, war das dem strengen Papa dann allerdings gar nicht recht. Der h\u00e4tte es n\u00e4mlich viel lieber gesehen, wenn sein Sohn brav Latein und Griechisch gelernt h\u00e4tte, statt zu komponieren. Als dann Engelbert mit 14 Jahren auch noch die M\u00e4rchenoper Undine von dem Komponisten Albert Lortzing im Theater sah, war er davon so angetan, dass er jetzt unbedingt selbst f\u00fcr das Theater komponieren wollte. Doch sein gestrenger Vater wollte dies immer noch nicht. Er verlangte von Engelbert, dass dieser nach seinem Abitur eine Ausbildung zum Baumeister machen solle. Obwohl der Sohn diese T\u00e4tigkeit gar nicht mochte,brachte er es hier immerhin so weit, dass er f\u00fcr die Feuerwehr seiner Geburtstadt Siegburg ein Spritzenhaus bauen konnte.<\/p>\n<h1>Probleme im Hause Humperdinck<\/h1>\n<p>War sein Vater also dagegen, dass Engelbert Komponist wurde, so bef\u00f6rderte seine Mutter sein musisches Talent. Sie sorgte schlie\u00dflich daf\u00fcr, dass ihr Sohn ein ordentliches Musikstudium beginnen konnte. Immer wieder gab es Streit im Hause Humperdinck um die Zukunft des Sohnes. Irgendwann war die Geduld des immer noch widerwilligen Vaters am Ende, doch da kam die Rettung gerade im rechten Moment. Engelbert gewann f\u00fcr eine seiner Kompositionen einen Preis, der ihm viel Geld und Anerkennung einbrachte. Nun wollte sich auch der Vater dem Sohn nicht weiter in den Weg stellen.<\/p>\n<h1>Besuch bei Herrn Wagner<\/h1>\n<p><img decoding=\"async\" loading=\"lazy\" class=\"alignleft size-full wp-image-827\" style=\"float: right;\" src=\"http:\/\/wanderoper.de\/wp-content\/uploads\/2013\/01\/wagner.png\" alt=\"wagner\" width=\"150\" height=\"237\" \/><br \/>\nEngelbert schw\u00e4rmte damals f\u00fcr die Musik von Richard Wagner. Wagner war der bedeutendste Opernkomponist, den Deutschland zu dieser Zeit hatte. Irgendwann nahm Humperdinck dann seinen ganzen Mut zusammen und klingelte einfach bei Wagner. Diese K\u00fchnheit zahlte sich aus: Die beiden Komponisten freundeten sich an und Humperdinck durfte gar f\u00fcr die Urauff\u00fchrung von Wagners Oper Parsifal ein kleines St\u00fcckchen eigene Musik beisteuern. Das war eine ungeheure Auszeichnung. Zus\u00e4tzlich wurde Engelbert beauftragt, Wagners Sohn Siegfried, der sp\u00e4ter selbst einmal ein gro\u00dfer Komponist werden sollte, Musikunterricht zu erteilen. Daneben arbeitete Humperdinck in unterschiedlichen St\u00e4dten als Dirigent, Musiklehrer und Kritiker. Die Oper H\u00e4nsel und Gretel entsteht Im Jahre 1890 bat Engelberts Schwester Adelheid ihren Bruder um die Komposition von ein paar kleinen Liedern. Sie waren bestimmt f\u00fcr ein kleines Theaterst\u00fcck, das Adelheid f\u00fcr ihre Kinder nach dem M\u00e4rchen von H\u00e4nsel und Gretel verfasst hatte. Engelbert hatte solchen Spa\u00df an dieser Arbeit, dass er sich daran machte, eine eigene Oper \u00fcber die beiden mutigen Geschwister H\u00e4nsel und Gretel zu schreiben. 1893 war die Komposition dann fertig. Sie erklang erstmals in Weimar und wurde ein ganz gro\u00dfer Erfolg.<img decoding=\"async\" loading=\"lazy\" class=\"alignleft size-full wp-image-834\" style=\"float: right; margin-right: -13px; margin-left: 10px;\" src=\"http:\/\/wanderoper.de\/wp-content\/uploads\/2013\/01\/katze.png\" alt=\"katze\" width=\"150\" height=\"244\" \/> Am Dirigentenpult stand damals Richard Strauss, der sp\u00e4ter ebenfalls ein sehr ber\u00fchmter Komponist werden sollte. Viele Theater auf der ganzen Welt spielten nun Humperdincks H\u00e4nsel und Gretel. Seit \u00fcber 110 Jahren bereitet er jungen und erwachsenen Zuschauern immer wieder viel Freude mit seiner stimmungsvollen Musik und einer Handlung, die man zwar aus dem M\u00e4rchen kennt, die aber trotzdem immer wieder spannend ist. So ist es also kein Zufall, dass viele Kinder an die Welt der Oper mit Hilfe dieses Werkes herangef\u00fchrt werden. K\u00f6nnte es sein, dass es bei euch auch so war?<\/p>\n<p>Euer Arnold.<\/p>\n<p>&nbsp;<\/p>\n<p>&nbsp;<\/p>\n","protected":false},"excerpt":{"rendered":"<p>Die Geschichte von Engelbert Humperdinck und seiner Oper H\u00e4nsel und Gretel Der Mann, der die Oper H\u00e4nsel und Gretel geschrieben hat,hie\u00df Engelbert Humperdinck. Geboren wurde er vor \u00fcber 150 Jahren, am 1. September 1854. Sein Vater war Lehrer. Dieser wollte zwar, dass sein Sohn Klavierunterricht erh\u00e4lt, als aber Engelbert ganz begeistert von der Musik war, [&hellip;]<\/p>\n","protected":false},"author":1,"featured_media":797,"parent":774,"menu_order":0,"comment_status":"closed","ping_status":"open","template":"page-templates\/page-repertoire.php","meta":{"jetpack_post_was_ever_published":false},"jetpack_sharing_enabled":true,"jetpack_shortlink":"https:\/\/wp.me\/P6Vnb4-cz","_links":{"self":[{"href":"http:\/\/wanderoper.de\/index.php?rest_route=\/wp\/v2\/pages\/779"}],"collection":[{"href":"http:\/\/wanderoper.de\/index.php?rest_route=\/wp\/v2\/pages"}],"about":[{"href":"http:\/\/wanderoper.de\/index.php?rest_route=\/wp\/v2\/types\/page"}],"author":[{"embeddable":true,"href":"http:\/\/wanderoper.de\/index.php?rest_route=\/wp\/v2\/users\/1"}],"replies":[{"embeddable":true,"href":"http:\/\/wanderoper.de\/index.php?rest_route=%2Fwp%2Fv2%2Fcomments&post=779"}],"version-history":[{"count":32,"href":"http:\/\/wanderoper.de\/index.php?rest_route=\/wp\/v2\/pages\/779\/revisions"}],"predecessor-version":[{"id":1492,"href":"http:\/\/wanderoper.de\/index.php?rest_route=\/wp\/v2\/pages\/779\/revisions\/1492"}],"up":[{"embeddable":true,"href":"http:\/\/wanderoper.de\/index.php?rest_route=\/wp\/v2\/pages\/774"}],"wp:featuredmedia":[{"embeddable":true,"href":"http:\/\/wanderoper.de\/index.php?rest_route=\/wp\/v2\/media\/797"}],"wp:attachment":[{"href":"http:\/\/wanderoper.de\/index.php?rest_route=%2Fwp%2Fv2%2Fmedia&parent=779"}],"curies":[{"name":"wp","href":"https:\/\/api.w.org\/{rel}","templated":true}]}}