{"id":6,"date":"2011-04-14T12:13:09","date_gmt":"2011-04-14T12:13:09","guid":{"rendered":"http:\/\/localhost\/wanderoper\/?page_id=6"},"modified":"2020-03-30T21:03:34","modified_gmt":"2020-03-30T19:03:34","slug":"wir-uber-uns","status":"publish","type":"page","link":"http:\/\/wanderoper.de\/?page_id=6","title":{"rendered":"\u00dcber uns"},"content":{"rendered":"<p><strong>Die WANDEROPER BRANDENBURG<\/strong><\/p>\n<p>Im Februar 2011 traf sich im Kurtheater Bad Freienwalde eine Gruppe Verwegener \u2013 Menschen, die das Musiktheater lieben, die von seinem \u00e4sthetischen und emotionalen Reichtum \u00fcberzeugt sind und ihn nicht verloren geben wollen.\u00a0 Schlie\u00dflich garantierte doch der Einigungsvertrag den Erhalt der kulturellen Substanz\u2026<\/p>\n<p>Was also tun, wenn im Land Brandenburg von ehemals 5 ganzj\u00e4hrig spielenden Theatern mit Schauspiel, Oper, Ballett und Orchester nur noch eins \u00fcbrig geblieben ist und pl\u00f6tzlich die Mehrheit der Sch\u00fcler die Schule verl\u00e4sst, ohne jemals eine Oper, ein Musical, ein Ballett \u2013 h\u00e4ufig auch kein Konzert und kein Schauspiel (nicht nur das Weihnachtsm\u00e4rchen, sondern ein St\u00fcck von Schiller oder Shakespeare!) \u2013 live erlebt zu haben?!<\/p>\n<p>Also haben wir die WANDEROPER gegr\u00fcndet, die teuerste Kunstform in der denkbar preiswertesten Variante.\u00a0 Die Kosten sollten kein Vorwand sein, weder f\u00fcr die Geldgeber noch f\u00fcr die Nutzer. Vor allem aber musste es ein mobiles Ensemble sein, das ganz dicht in die Regionen des gr\u00f6\u00dften Bedarfs vorstie\u00df, in Kleinst\u00e4dte weit von den Ballungszentren, zuletzt bis in die Schulen selbst.\u00a0 Auch die Kultur\u00e4mter und die Lehrer sollten keine Ausrede mehr haben.\u00a0 Und weil wir auch in der Schulzeit spielen, also wochentags vormittags, und eine Sch\u00fclerkarte nicht mehr als 3,50 Euro kosten soll, ist wirklich niemand mehr ausgeschlossen!<\/p>\n<p>Die M\u00fchen des Anfangs sind vergessen \u2013 die Widerst\u00e4nde waren gr\u00f6\u00dfer als erhofft aber kleiner als bef\u00fcrchtet \u2013 und so war am 3. November 2011 H\u00c4NSEL UND GRETEL die Gr\u00fcndungspremiere der WANDEROPER BRANDENBURG.<\/p>\n<p>Und was zuerst als 3-j\u00e4hriges Pilotprojekt auf seinen Sinn, seine Finanzierbarkeit, seine Qualit\u00e4t getestet werden sollte, lebt jetzt schon im 9. Jahr.<\/p>\n<p>12 St\u00fccke haben wir in dieser Zeit aufgef\u00fchrt und einige in wechselnden Partnerschaften: DIE ZAUBERFL\u00d6TE und FEUERWERK als Opernwerkstatt mit arbeitslosen S\u00e4ngern oder NOAHS FLUT von Britten zum Landesmusikschultreffen gemeinsam mit der Musikschule Barnim.<\/p>\n<p>Und nat\u00fcrlich an unterschiedlichsten Orten: auf der Trabrennbahn, im Schlosshof, in Sporthallen, in Schulaulen, im ehemaligen Zuchthaus Cottbus, in Kulturh\u00e4usern, Theatern, Kurtheatern \u2013 \u00fcberall dort,\u00a0wo wir Menschen fanden, die an Musiktheater interessiert waren, von Finsterwalde im S\u00fcdosten bis Wittenberge im Nordwesten.<\/p>\n<p>Etwa 130 Auff\u00fchrungen waren es inzwischen mit ca. 30.000 Zuschauern.\u00a0 Dazu Projekte und Workshops in und mit Schulen.<\/p>\n<p>Das Projekt hat Aufmerksamkeit gefunden und ist geehrt worden: durch die Wahl als Ort der Ideen, durch die\u00a0Ministerpr\u00e4sidenten Platzeck und Woidke, durch die Schirmherrschaft unserer Ministerin und nicht zuletzt durch die Ehrenmitgliedschaft von Frau Kammers\u00e4ngerin Edith Mathis und Dr. Christoph Felsenstein.<\/p>\n<p>Unser gr\u00f6\u00dftes Projekt war DER WILDSCH\u00dcTZ als communal project aus Anlass des 700. Geburtstags unserer Stadt Bad Freienwalde und es wurde durch die Kulturstiftung des Bundes gef\u00f6rdert.<\/p>\n<p>Das klingt nach Erfolg und so wollen wir es auch empfinden, obwohl auch viele Erwartungen nicht erf\u00fcllt wurden: z. B. dass sich Sponsoren finden, die ihren Namen mit dem kulturellen Reichtum ihrer Umgebung verbinden m\u00f6chten.<\/p>\n<p>Und auch die kurzatmige F\u00f6rderung macht Planungssicherheit unm\u00f6glich und schlie\u00dft Erweiterung des Spielbetriebs aus.\u00a0 Wir wissen bis heute nicht, ob und wie viel Sch\u00fclervorstellungen in diesem Jahr gef\u00f6rdert, also m\u00f6glich sein werden.<\/p>\n<p>So gehen wir mit Zuversicht in die n\u00e4chsten Jahre und nehmen immer wieder Ermunterung aus vielen staunenden und fr\u00f6hlichen Kinderaugen.<\/p>\n<p>Arnold Schrem \u00a0 \u00a0 \u00a0 \u00a0 \u00a0 \u00a0 \u00a0 \u00a0 \u00a0 \u00a0 \u00a0 \u00a0 \u00a0 \u00a0 \u00a0 \u00a0 \u00a0 \u00a0 \u00a0 \u00a0 \u00a0 \u00a0 \u00a0 \u00a0 \u00a0 \u00a0 \u00a0 \u00a0 \u00a0 \u00a0 \u00a0 \u00a0 \u00a0 \u00a0 \u00a0 \u00a0 \u00a0 \u00a0 \u00a0 \u00a0 \u00a0 \u00a0 \u00a0 \u00a0 \u00a0 \u00a0 \u00a0 \u00a0 \u00a0 30. 3. 2020<\/p>\n<p><strong>Brandenburg braucht Oper!<\/strong><\/p>\n<p>Viel zu wenig davon gibt es in unserem Land! Vielerorts und bei vielen Menschen ist sie v\u00f6llig aus der Wahrnehmung verschwunden. Vor allem Jugendliche haben kaum noch Gelegenheit, sie kennen zu lernen.<br \/>\nDabei ist Theater die sch\u00f6nste Erfindung der Menschheit und Musiktheater die allersch\u00f6nste. Keine Kunstform weitet und sensibilisiert die Seele mehr.<br \/>\nDeshalb haben wir Amadeus geschaffen, den tapfer durchs Land wandernden Notenmann. Und wir haben die Wanderoper gegr\u00fcndet, die Musiktheater dorthin bringen will, wo es keines gibt.<br \/>\nDamit alle etwas davon haben, wollen wir in jeden Landkreis kommen, m\u00f6glichst mehrmals im Jahr.<br \/>\nWir spielen f\u00fcr alle Einwohner Brandenburgs, ganz besonders aber f\u00fcr die schulische Jugend und suchen Kontakt zu Schul\u00e4mtern und Schulleitungen, damit unser Angebot angenommen wird.<br \/>\nWir spielen auf Deutsch, vertrauen auf die Geschichten, die die Werke erz\u00e4hlen und wollen sie heutigen Menschen auf heutige Weise nahebringen.<\/p>\n<p>Erfinder und Vordenker der WANDEROPER BRANDENBURG ist der Theaterwissenschaftler, Opernregisseur und Hochschullehrer Arnold Schrem. Er ist der k\u00fcnstlerische Leiter unseres Vereins und erreichbar unter\u00a0\u00a0 <a href=\"mailto:arnoldschrem@aol.com\">arnoldschrem@aol.com<\/a><\/p>\n<p>Vorsitzende des Vereins ist die Berliner Kost\u00fcmbildnerin Elke Eckardt-Schrem. Weitere Mitglieder des Vorstands sind Arnold Schrem, Rainer Berens (Berlin) und Frank Stach (Bad Freienwalde).<\/p>\n<p>Wir freuen uns, dass wir zwei Ehrenmitglieder gewinnen konnten, die unser Vorhaben unterst\u00fctzen: Frau Kammers\u00e4ngerin Professor Edith Mathis und Herr Dr. Ing. Christoph Felsenstein.<\/p>\n<p>Es ehrt uns, dass die Ministerin f\u00fcr Kultur unsere Schirmherrin ist.<\/p>\n","protected":false},"excerpt":{"rendered":"<p>Die WANDEROPER BRANDENBURG Im Februar 2011 traf sich im Kurtheater Bad Freienwalde eine Gruppe Verwegener \u2013 Menschen, die das Musiktheater lieben, die von seinem \u00e4sthetischen und emotionalen Reichtum \u00fcberzeugt sind und ihn nicht verloren geben wollen.\u00a0 Schlie\u00dflich garantierte doch der Einigungsvertrag den Erhalt der kulturellen Substanz\u2026 Was also tun, wenn im Land Brandenburg von ehemals [&hellip;]<\/p>\n","protected":false},"author":1,"featured_media":0,"parent":0,"menu_order":0,"comment_status":"closed","ping_status":"closed","template":"","meta":{"jetpack_post_was_ever_published":false},"jetpack_sharing_enabled":true,"jetpack_shortlink":"https:\/\/wp.me\/P6Vnb4-6","_links":{"self":[{"href":"http:\/\/wanderoper.de\/index.php?rest_route=\/wp\/v2\/pages\/6"}],"collection":[{"href":"http:\/\/wanderoper.de\/index.php?rest_route=\/wp\/v2\/pages"}],"about":[{"href":"http:\/\/wanderoper.de\/index.php?rest_route=\/wp\/v2\/types\/page"}],"author":[{"embeddable":true,"href":"http:\/\/wanderoper.de\/index.php?rest_route=\/wp\/v2\/users\/1"}],"replies":[{"embeddable":true,"href":"http:\/\/wanderoper.de\/index.php?rest_route=%2Fwp%2Fv2%2Fcomments&post=6"}],"version-history":[{"count":11,"href":"http:\/\/wanderoper.de\/index.php?rest_route=\/wp\/v2\/pages\/6\/revisions"}],"predecessor-version":[{"id":1932,"href":"http:\/\/wanderoper.de\/index.php?rest_route=\/wp\/v2\/pages\/6\/revisions\/1932"}],"wp:attachment":[{"href":"http:\/\/wanderoper.de\/index.php?rest_route=%2Fwp%2Fv2%2Fmedia&parent=6"}],"curies":[{"name":"wp","href":"https:\/\/api.w.org\/{rel}","templated":true}]}}

Über uns

<p><strong>Die WANDEROPER BRANDENBURG</strong></p>
<p>Im Februar 2011 traf sich im Kurtheater Bad Freienwalde eine Gruppe Verwegener – Menschen, die das Musiktheater lieben, die von seinem ästhetischen und emotionalen Reichtum überzeugt sind und ihn nicht verloren geben wollen.  Schließlich garantierte doch der Einigungsvertrag den Erhalt der kulturellen Substanz…</p>
<p>Was also tun, wenn im Land Brandenburg von ehemals 5 ganzjährig spielenden Theatern mit Schauspiel, Oper, Ballett und Orchester nur noch eins übrig geblieben ist und plötzlich die Mehrheit der Schüler die Schule verlässt, ohne jemals eine Oper, ein Musical, ein Ballett – häufig auch kein Konzert und kein Schauspiel (nicht nur das Weihnachtsmärchen, sondern ein Stück von Schiller oder Shakespeare!) – live erlebt zu haben?!</p>
<p>Also haben wir die WANDEROPER gegründet, die teuerste Kunstform in der denkbar preiswertesten Variante.  Die Kosten sollten kein Vorwand sein, weder für die Geldgeber noch für die Nutzer. Vor allem aber musste es ein mobiles Ensemble sein, das ganz dicht in die Regionen des größten Bedarfs vorstieß, in Kleinstädte weit von den Ballungszentren, zuletzt bis in die Schulen selbst.  Auch die Kulturämter und die Lehrer sollten keine Ausrede mehr haben.  Und weil wir auch in der Schulzeit spielen, also wochentags vormittags, und eine Schülerkarte nicht mehr als 3,50 Euro kosten soll, ist wirklich niemand mehr ausgeschlossen!</p>
<p>Die Mühen des Anfangs sind vergessen – die Widerstände waren größer als erhofft aber kleiner als befürchtet – und so war am 3. November 2011 HÄNSEL UND GRETEL die Gründungspremiere der WANDEROPER BRANDENBURG.</p>
<p>Und was zuerst als 3-jähriges Pilotprojekt auf seinen Sinn, seine Finanzierbarkeit, seine Qualität getestet werden sollte, lebt jetzt schon im 9. Jahr.</p>
<p>12 Stücke haben wir in dieser Zeit aufgeführt und einige in wechselnden Partnerschaften: DIE ZAUBERFLÖTE und FEUERWERK als Opernwerkstatt mit arbeitslosen Sängern oder NOAHS FLUT von Britten zum Landesmusikschultreffen gemeinsam mit der Musikschule Barnim.</p>
<p>Und natürlich an unterschiedlichsten Orten: auf der Trabrennbahn, im Schlosshof, in Sporthallen, in Schulaulen, im ehemaligen Zuchthaus Cottbus, in Kulturhäusern, Theatern, Kurtheatern – überall dort, wo wir Menschen fanden, die an Musiktheater interessiert waren, von Finsterwalde im Südosten bis Wittenberge im Nordwesten.</p>
<p>Etwa 130 Aufführungen waren es inzwischen mit ca. 30.000 Zuschauern.  Dazu Projekte und Workshops in und mit Schulen.</p>
<p>Das Projekt hat Aufmerksamkeit gefunden und ist geehrt worden: durch die Wahl als Ort der Ideen, durch die Ministerpräsidenten Platzeck und Woidke, durch die Schirmherrschaft unserer Ministerin und nicht zuletzt durch die Ehrenmitgliedschaft von Frau Kammersängerin Edith Mathis und Dr. Christoph Felsenstein.</p>
<p>Unser größtes Projekt war DER WILDSCHÜTZ als communal project aus Anlass des 700. Geburtstags unserer Stadt Bad Freienwalde und es wurde durch die Kulturstiftung des Bundes gefördert.</p>
<p>Das klingt nach Erfolg und so wollen wir es auch empfinden, obwohl auch viele Erwartungen nicht erfüllt wurden: z. B. dass sich Sponsoren finden, die ihren Namen mit dem kulturellen Reichtum ihrer Umgebung verbinden möchten.</p>
<p>Und auch die kurzatmige Förderung macht Planungssicherheit unmöglich und schließt Erweiterung des Spielbetriebs aus.  Wir wissen bis heute nicht, ob und wie viel Schülervorstellungen in diesem Jahr gefördert, also möglich sein werden.</p>
<p>So gehen wir mit Zuversicht in die nächsten Jahre und nehmen immer wieder Ermunterung aus vielen staunenden und fröhlichen Kinderaugen.</p>
<p>Arnold Schrem                                                                                                   30. 3. 2020</p>
<p><strong>Brandenburg braucht Oper!</strong></p>
<p>Viel zu wenig davon gibt es in unserem Land! Vielerorts und bei vielen Menschen ist sie völlig aus der Wahrnehmung verschwunden. Vor allem Jugendliche haben kaum noch Gelegenheit, sie kennen zu lernen.<br />
Dabei ist Theater die schönste Erfindung der Menschheit und Musiktheater die allerschönste. Keine Kunstform weitet und sensibilisiert die Seele mehr.<br />
Deshalb haben wir Amadeus geschaffen, den tapfer durchs Land wandernden Notenmann. Und wir haben die Wanderoper gegründet, die Musiktheater dorthin bringen will, wo es keines gibt.<br />
Damit alle etwas davon haben, wollen wir in jeden Landkreis kommen, möglichst mehrmals im Jahr.<br />
Wir spielen für alle Einwohner Brandenburgs, ganz besonders aber für die schulische Jugend und suchen Kontakt zu Schulämtern und Schulleitungen, damit unser Angebot angenommen wird.<br />
Wir spielen auf Deutsch, vertrauen auf die Geschichten, die die Werke erzählen und wollen sie heutigen Menschen auf heutige Weise nahebringen.</p>
<p>Erfinder und Vordenker der WANDEROPER BRANDENBURG ist der Theaterwissenschaftler, Opernregisseur und Hochschullehrer Arnold Schrem. Er ist der künstlerische Leiter unseres Vereins und erreichbar unter   <a href="mailto:arnoldschrem@aol.com">arnoldschrem@aol.com</a></p>
<p>Vorsitzende des Vereins ist die Berliner Kostümbildnerin Elke Eckardt-Schrem. Weitere Mitglieder des Vorstands sind Arnold Schrem, Rainer Berens (Berlin) und Frank Stach (Bad Freienwalde).</p>
<p>Wir freuen uns, dass wir zwei Ehrenmitglieder gewinnen konnten, die unser Vorhaben unterstützen: Frau Kammersängerin Professor Edith Mathis und Herr Dr. Ing. Christoph Felsenstein.</p>
<p>Es ehrt uns, dass die Ministerin für Kultur unsere Schirmherrin ist.</p>

<p>Die WANDEROPER BRANDENBURG Im Februar 2011 traf sich im Kurtheater Bad Freienwalde eine Gruppe Verwegener – Menschen, die das Musiktheater lieben, die von seinem ästhetischen und emotionalen Reichtum überzeugt sind und ihn nicht verloren geben wollen.  Schließlich garantierte doch der Einigungsvertrag den Erhalt der kulturellen Substanz… Was also tun, wenn im Land Brandenburg von ehemals [&hellip;]</p>
