{"id":1936,"date":"2020-03-30T21:29:18","date_gmt":"2020-03-30T19:29:18","guid":{"rendered":"http:\/\/wanderoper.de\/?page_id=1936"},"modified":"2020-03-30T21:47:24","modified_gmt":"2020-03-30T19:47:24","slug":"irgendwie","status":"publish","type":"page","link":"http:\/\/wanderoper.de\/?page_id=1936","title":{"rendered":"Irgendwie Anders"},"content":{"rendered":"<h2>Gemeinsam singen gegen Ausgrenzung<\/h2>\n<p>&nbsp;<\/p>\n<p><img decoding=\"async\" loading=\"lazy\" class=\" wp-image-1942 alignleft\" src=\"http:\/\/wanderoper.de\/wp-content\/uploads\/2020\/03\/irgendwie-anders-artikel-435x1024.jpg\" alt=\"\" width=\"335\" height=\"789\" srcset=\"http:\/\/wanderoper.de\/wp-content\/uploads\/2020\/03\/irgendwie-anders-artikel-435x1024.jpg 435w, http:\/\/wanderoper.de\/wp-content\/uploads\/2020\/03\/irgendwie-anders-artikel-127x300.jpg 127w, http:\/\/wanderoper.de\/wp-content\/uploads\/2020\/03\/irgendwie-anders-artikel-768x1809.jpg 768w, http:\/\/wanderoper.de\/wp-content\/uploads\/2020\/03\/irgendwie-anders-artikel.jpg 815w\" sizes=\"(max-width: 335px) 100vw, 335px\" \/>Wir sind die WANDEROPER BRANDENBURG e.V.\u00a0 Wir bem\u00fchen uns besonders in den unterversorgten, l\u00e4ndlichen Regionen Brandenburgs den Kindern und Jugendlichen eine Begegnung mit Oper und Musiktheater zu erm\u00f6glichen.<\/p>\n<p>Dabei singen die Kinder die Opern nat\u00fcrlich nicht selbst (obgleich wir auch ein solches ZAUBERFL\u00d6TE- Projekt mit behinderten Kindern in unserer Heimatstadt durchf\u00fchren), aber meist binden wir an unsere Auff\u00fchrungen Workshops an, in denen z.B. die Instrumente, das Singen, die Besonderheiten von Opern und alle sonst entstehenden Fragen besprochen werden.<\/p>\n<p>Wir haben uns ein Projekt vorgenommen, das neben dem musischen auch ein moralisches und soziales Thema behandelt, das gerade in unserer Zeit besonders dringlich ist: das St\u00fcck hei\u00dft IRGENDWIE ANDERS und ist eine Entwicklung der Kinderoper K\u00f6ln, basierend auf einem englischen, von der UNESCO pr\u00e4mierten Kinderbuch.<\/p>\n<p>Es geht darum, wie Kinder auf Andersartigkeit reagieren, erst ablehnen, ausgrenzen, anfeinden und sp\u00e4ter annehmen und als Bereicherung empfinden.<\/p>\n<p>Es wird von 3 (auch szenisch mitspielenden) Musikern, dazu einem Bariton und einer Sopranistin gespielt.<\/p>\n<p>Die Musik ist besonders in den Liedern bewu\u00dft einfach gehalten, so dass die Auff\u00fchrung am Schlu\u00df darin m\u00fcndet, dass S\u00e4nger, Musiker und Zuschauer-Kinder gemeinsam einige Lieder einstudieren und singen. \u00a0Dauer insgesamt ca. 60 \u00a0Minuten.<\/p>\n<p>Mehr als nur das Zuschauen soll das gemeinsame Singen vom Gewinn des Verschiedenseins, diese Gedanken in den Kindern verankern helfen.<\/p>\n<p>Wir wollen das St\u00fcck im April einstudieren und vom Mai 2020 an vorerst 10 Auff\u00fchrungen in verschiedenen Orten \/ Grundschulen spielen.<\/p>\n<p style=\"text-align: left;\">Arnold Schrem\u00a0\u00a0\u00a0\u00a0\u00a0\u00a0\u00a0\u00a0\u00a0\u00a0\u00a0\u00a0\u00a0\u00a0\u00a0\u00a0\u00a0\u00a0\u00a0\u00a0\u00a0 \u00a0\u00a0\u00a0\u00a0\u00a0\u00a0\u00a0\u00a0\u00a0\u00a0\u00a0\u00a0\u00a0\u00a0\u00a0\u00a0\u00a0\u00a0\u00a0\u00a0\u00a0\u00a0\u00a0\u00a0\u00a0\u00a0\u00a0\u00a0\u00a0\u00a0\u00a0\u00a0\u00a0\u00a0\u00a0\u00a0\u00a0\u00a0\u00a0\u00a0\u00a0\u00a0\u00a0\u00a0\u00a0\u00a0\u00a0\u00a0\u00a0\u00a0\u00a0\u00a0\u00a0\u00a0\u00a0\u00a0\u00a0\u00a0\u00a0\u00a0\u00a0\u00a0\u00a0\u00a0\u00a0\u00a0\u00a0\u00a0\u00a0\u00a0\u00a0\u00a0\u00a0\u00a0\u00a0\u00a0\u00a0\u00a0\u00a0\u00a0\u00a0\u00a0\u00a0\u00a0\u00a0\u00a06. 1. 2020<\/p>\n","protected":false},"excerpt":{"rendered":"<p>Gemeinsam singen gegen Ausgrenzung &nbsp; Wir sind die WANDEROPER BRANDENBURG e.V.\u00a0 Wir bem\u00fchen uns besonders in den unterversorgten, l\u00e4ndlichen Regionen Brandenburgs den Kindern und Jugendlichen eine Begegnung mit Oper und Musiktheater zu erm\u00f6glichen. Dabei singen die Kinder die Opern nat\u00fcrlich nicht selbst (obgleich wir auch ein solches ZAUBERFL\u00d6TE- Projekt mit behinderten Kindern in unserer Heimatstadt [&hellip;]<\/p>\n","protected":false},"author":1,"featured_media":0,"parent":774,"menu_order":0,"comment_status":"closed","ping_status":"closed","template":"page-templates\/page-repertoire.php","meta":{"jetpack_post_was_ever_published":false},"jetpack_sharing_enabled":true,"jetpack_shortlink":"https:\/\/wp.me\/P6Vnb4-ve","_links":{"self":[{"href":"http:\/\/wanderoper.de\/index.php?rest_route=\/wp\/v2\/pages\/1936"}],"collection":[{"href":"http:\/\/wanderoper.de\/index.php?rest_route=\/wp\/v2\/pages"}],"about":[{"href":"http:\/\/wanderoper.de\/index.php?rest_route=\/wp\/v2\/types\/page"}],"author":[{"embeddable":true,"href":"http:\/\/wanderoper.de\/index.php?rest_route=\/wp\/v2\/users\/1"}],"replies":[{"embeddable":true,"href":"http:\/\/wanderoper.de\/index.php?rest_route=%2Fwp%2Fv2%2Fcomments&post=1936"}],"version-history":[{"count":10,"href":"http:\/\/wanderoper.de\/index.php?rest_route=\/wp\/v2\/pages\/1936\/revisions"}],"predecessor-version":[{"id":1953,"href":"http:\/\/wanderoper.de\/index.php?rest_route=\/wp\/v2\/pages\/1936\/revisions\/1953"}],"up":[{"embeddable":true,"href":"http:\/\/wanderoper.de\/index.php?rest_route=\/wp\/v2\/pages\/774"}],"wp:attachment":[{"href":"http:\/\/wanderoper.de\/index.php?rest_route=%2Fwp%2Fv2%2Fmedia&parent=1936"}],"curies":[{"name":"wp","href":"https:\/\/api.w.org\/{rel}","templated":true}]}}