{"id":1337,"date":"2015-11-13T00:48:57","date_gmt":"2015-11-12T23:48:57","guid":{"rendered":"http:\/\/wanderoper.de\/?page_id=1337"},"modified":"2015-12-09T16:05:26","modified_gmt":"2015-12-09T15:05:26","slug":"hexe-hillary","status":"publish","type":"page","link":"http:\/\/wanderoper.de\/?page_id=1337","title":{"rendered":"Hexe Hillary geht in die Oper"},"content":{"rendered":"<h2>Die Hexe Hillary ist gl\u00fccklich und stolz: beim Preisr\u00e4tsel im Radio hat sie den ersten Preis gewonnen &#8211; zwei Freikarten f\u00fcr die Oper!<\/h2>\n<p>Toll, aber was ist das \u2013 \u201eOper\u201c? Im Lexikon steht, das ist, wo alle immer nur singen. Hillary ist begeistert: das ist so verr\u00fcckt, das kann nur ein Singfluch sein, und den m\u00f6chte sie auch lernen.<\/p>\n<p>Also zaubert sie die ber\u00fchmte Hexe und S\u00e4ngerin Maria Bellacanta zu sich.<\/p>\n<p>In einer witzigen Spielhandlung werden die Grundbegriffe der Oper erkl\u00e4rt, wird Singen als kunstvolle aber nat\u00fcrliche \u00c4u\u00dferung auf der B\u00fchne vorgef\u00fchrt, werden Ber\u00fchrungs\u00e4ngste genommen und Oper als besonders spannende Form von Theater dargestellt.<\/p>\n<p>&nbsp;<\/p>\n<p>Ca. 60 Minuten<\/p>\n<p>&nbsp;<\/p>\n<p>F\u00fcr Kinder der Grundschulen geeignet.<\/p>\n<p>&nbsp;<\/p>\n<p>Weitere Impressionen sind auch in diesem, von Rainer Berens erstellten, PDF enthalten:<\/p>\n<p><a href=\"http:\/\/wanderoper.de\/wp-content\/uploads\/2015\/11\/Wanderoper-HEXE-HILLARY-Fotoheft.pdf\">Wanderoper HEXE HILLARY Fotoheft<\/a><\/p>\n<h1><\/h1>\n<h1><\/h1>\n<h1>Oper ist sch\u00f6n &amp; gar nicht so schwer \u2013 schreibt doch selbst mal eine!<\/h1>\n<h2>Das St\u00fcck<\/h2>\n<p>Nehmt vielleicht zum Anfang eine Oper, die es schon gibt, zum Beispiel H\u00c4NSEL UND GRETEL oder DIE ZAUBERFL\u00d6TE. Es gibt sie \u00fcbrigens auch als Spielfilme \u2013 die k\u00f6nnt ihr auch anschauen. H\u00f6rt und seht sie euch gemeinsam an und findet heraus, worum es darin geht, was ihre Geschichte ist und was euch daran gef\u00e4llt.<\/p>\n<h2>Die Geschichte<\/h2>\n<p>Nat\u00fcrlich sind diese Opern zum Nachspielen viel zu lang \u2013 erz\u00e4hlt sie einfach k\u00fcrzer oder w\u00e4hlt nur einen Teil davon, eine \u00abSzene\u00bb. Jetzt kennt ihr die Geschichte, die ihr erz\u00e4hlen wollt. Beschreibt sie mit eigenen Worten. Die Handlung Bedenkt aber, dass auf der B\u00fchne nicht erz\u00e4hlt, son.dern gehandelt wird: es m\u00fcssen also Menschen etwas zueinander oder miteinander sagen. Gebt ihnen also Texte. Manchmal spricht eine Figur aber auch \u00fcber sich und ihre Gef\u00fchle, das wird dann eine \u00abArie\u00bb.<\/p>\n<h2>Das Libretto<\/h2>\n<p>So entsteht der Text der Oper, das \u00abLibretto\u00bb. Ihr k\u00f6nnt es jetzt mit verteilten Rollen sprechen, vielleicht auch schon mit Ausdruck und Bewegung \u00abspielen\u00bb wie ein Schauspieler. Jetzt merkt ihr, ob die Handlung so geworden ist, wie ihr wolltet. Wenn noch was fehlt, korrigiert oder erg\u00e4nzt es. Das ist aber noch wie Kuchen ohne Sahne. Deshalb kommt jetzt das Entscheidende:<\/p>\n<h2>Die Musik<\/h2>\n<p>W\u00e4hlt die Musik aus, die zu den Personen passt und zu dem, was sie tun. Lasst sie singen. Dabei ist alles m\u00f6glich: sie k\u00f6n.nen rappen oder rocken, einen Popsong oder wie ein Volks.lied singen. Ihr k\u00f6nnt neue Musik erfinden \u2013 \u00abkomponieren\u00bb \u2013 oder Musik ausw\u00e4hlen, die ihr kennt und dazu eure Texte geben, also die Texte eurer Figuren.<\/p>\n<h2>Kost\u00fcme<\/h2>\n<p>Was jetzt kommt, soll eure Oper lebendiger und sch\u00f6ner ma.chen: sucht im Kleiderschrank der Eltern nach \u00abKost\u00fcmen\u00bb, also nach Bekleidung, die zu den Figuren passt und zieht sie an<strong> (besser aber vorher fragen!).<\/strong><\/p>\n<h2>B\u00fchnenbild<\/h2>\n<p>Vielleicht wollt ihr ja auch noch ein B\u00fchnenbild, denn eure Handlung spielt ja nicht in eurer Schule, sondern in der W\u00fcste, im Schloss, im Wald, auf dem Markt oder auf dem Mond. Malt also auf Bettlaken oder alte wei\u00dfe Tapeten den Raum oder die Land.schaft in der die Handlung spielt.Vielleicht m\u00fcsst ihr noch \u00abRequisiten\u00bb aussuchen, das sind Gegenst\u00e4nde, die die Figuren f\u00fcr ihre Handlung brauchen: einen Dolch, einen Degen, eine Taschenlampe, eine Kaffeetasse oder sonst was, je nachdem was zur Handlung passt und was sie tun. Und schon ist sie fertig, eure erste eigene OPER! Nervt eure Lehrerin bis sie euch dabei hilft. \u00dcbt flei\u00dfig, bis alles reibungslos klappt und man denkt, nicht mehr euch, sondern die Figuren zu sehen. Und jetzt k\u00f6nnt ihr eure Oper zum Schulfest euren Eltern und Mitsch\u00fclern zeigen und ihr werdet einen gro\u00dfen \u00abApplaus\u00bb bekommen! Vorhang auf und Toi\u00a0\u2013\u00a0toi\u00a0\u2013\u00a0toi!!!<\/p>\n<h2>Euer Arnold<\/h2>\n<div class=\"tiled-gallery type-rectangular tiled-gallery-unresized\" data-original-width=\"1140\" data-carousel-extra='null' itemscope itemtype=\"http:\/\/schema.org\/ImageGallery\" > <div class=\"gallery-row\" style=\"width: 1140px; height: 244px;\" data-original-width=\"1140\" data-original-height=\"244\" > <div class=\"gallery-group images-1\" style=\"width: 431px; height: 244px;\" data-original-width=\"431\" data-original-height=\"244\" > <div class=\"tiled-gallery-item tiled-gallery-item-large\" itemprop=\"associatedMedia\" itemscope itemtype=\"http:\/\/schema.org\/ImageObject\"> <a href=\"https:\/\/i0.wp.com\/wanderoper.de\/wp-content\/uploads\/2015\/11\/a-DSC09272.jpg\" border=\"0\" itemprop=\"url\"> <meta itemprop=\"width\" content=\"427\"> <meta itemprop=\"height\" content=\"240\"> <img data-attachment-id=\"1326\" data-orig-file=\"http:\/\/wanderoper.de\/wp-content\/uploads\/2015\/11\/a-DSC09272.jpg\" data-orig-size=\"1024,575\" data-comments-opened=\"\" data-image-meta=\"{&quot;aperture&quot;:&quot;5.6&quot;,&quot;credit&quot;:&quot;&quot;,&quot;camera&quot;:&quot;NEX-6&quot;,&quot;caption&quot;:&quot;&quot;,&quot;created_timestamp&quot;:&quot;1434624774&quot;,&quot;copyright&quot;:&quot;&quot;,&quot;focal_length&quot;:&quot;50&quot;,&quot;iso&quot;:&quot;3200&quot;,&quot;shutter_speed&quot;:&quot;0.0125&quot;,&quot;title&quot;:&quot;&quot;,&quot;orientation&quot;:&quot;1&quot;}\" data-image-title=\"a DSC09272\" data-image-description=\"&lt;p&gt;Bilder der Inszenierung \u00bbHexe Hillary geht in die Oper\u00ab, Wanderoper Brandenburg 2015 &lt;\/p&gt; \" data-medium-file=\"http:\/\/wanderoper.de\/wp-content\/uploads\/2015\/11\/a-DSC09272-300x168.jpg\" data-large-file=\"http:\/\/wanderoper.de\/wp-content\/uploads\/2015\/11\/a-DSC09272-1024x575.jpg\" src=\"https:\/\/i0.wp.com\/wanderoper.de\/wp-content\/uploads\/2015\/11\/a-DSC09272.jpg?w=427&#038;h=240\" width=\"427\" height=\"240\" data-original-width=\"427\" data-original-height=\"240\" itemprop=\"http:\/\/schema.org\/image\" title=\"a DSC09272\" alt=\"a DSC09272\" style=\"width: 427px; height: 240px;\" \/> <\/a> <\/div> <\/div> <!-- close group --> <div class=\"gallery-group images-1\" style=\"width: 327px; height: 244px;\" data-original-width=\"327\" data-original-height=\"244\" > <div class=\"tiled-gallery-item tiled-gallery-item-large\" itemprop=\"associatedMedia\" itemscope itemtype=\"http:\/\/schema.org\/ImageObject\"> <a href=\"https:\/\/i0.wp.com\/wanderoper.de\/wp-content\/uploads\/2015\/11\/a-DSC09303.jpg\" border=\"0\" itemprop=\"url\"> <meta itemprop=\"width\" content=\"323\"> <meta itemprop=\"height\" content=\"240\"> <img data-attachment-id=\"1327\" data-orig-file=\"http:\/\/wanderoper.de\/wp-content\/uploads\/2015\/11\/a-DSC09303.jpg\" data-orig-size=\"1024,761\" data-comments-opened=\"\" data-image-meta=\"{&quot;aperture&quot;:&quot;4&quot;,&quot;credit&quot;:&quot;&quot;,&quot;camera&quot;:&quot;NEX-6&quot;,&quot;caption&quot;:&quot;&quot;,&quot;created_timestamp&quot;:&quot;1434625117&quot;,&quot;copyright&quot;:&quot;&quot;,&quot;focal_length&quot;:&quot;20&quot;,&quot;iso&quot;:&quot;2000&quot;,&quot;shutter_speed&quot;:&quot;0.00625&quot;,&quot;title&quot;:&quot;&quot;,&quot;orientation&quot;:&quot;1&quot;}\" data-image-title=\"a DSC09303\" data-image-description=\"&lt;p&gt;Bilder der Inszenierung \u00bbHexe Hillary geht in die Oper\u00ab, Wanderoper Brandenburg 2015 &lt;\/p&gt; \" data-medium-file=\"http:\/\/wanderoper.de\/wp-content\/uploads\/2015\/11\/a-DSC09303-300x223.jpg\" data-large-file=\"http:\/\/wanderoper.de\/wp-content\/uploads\/2015\/11\/a-DSC09303-1024x761.jpg\" src=\"https:\/\/i0.wp.com\/wanderoper.de\/wp-content\/uploads\/2015\/11\/a-DSC09303.jpg?w=323&#038;h=240\" width=\"323\" height=\"240\" data-original-width=\"323\" data-original-height=\"240\" itemprop=\"http:\/\/schema.org\/image\" title=\"a DSC09303\" alt=\"a DSC09303\" style=\"width: 323px; height: 240px;\" \/> <\/a> <\/div> <\/div> <!-- close group --> <div class=\"gallery-group images-1\" style=\"width: 382px; height: 244px;\" data-original-width=\"382\" data-original-height=\"244\" > <div class=\"tiled-gallery-item tiled-gallery-item-large\" itemprop=\"associatedMedia\" itemscope itemtype=\"http:\/\/schema.org\/ImageObject\"> <a href=\"https:\/\/i0.wp.com\/wanderoper.de\/wp-content\/uploads\/2015\/11\/a-DSC09316.jpg\" border=\"0\" itemprop=\"url\"> <meta itemprop=\"width\" content=\"378\"> <meta itemprop=\"height\" content=\"240\"> <img data-attachment-id=\"1328\" data-orig-file=\"http:\/\/wanderoper.de\/wp-content\/uploads\/2015\/11\/a-DSC09316.jpg\" data-orig-size=\"1024,649\" data-comments-opened=\"\" data-image-meta=\"{&quot;aperture&quot;:&quot;4.5&quot;,&quot;credit&quot;:&quot;&quot;,&quot;camera&quot;:&quot;NEX-6&quot;,&quot;caption&quot;:&quot;&quot;,&quot;created_timestamp&quot;:&quot;1434625307&quot;,&quot;copyright&quot;:&quot;&quot;,&quot;focal_length&quot;:&quot;27&quot;,&quot;iso&quot;:&quot;2500&quot;,&quot;shutter_speed&quot;:&quot;0.00625&quot;,&quot;title&quot;:&quot;&quot;,&quot;orientation&quot;:&quot;1&quot;}\" data-image-title=\"a DSC09316\" data-image-description=\"&lt;p&gt;Bilder der Inszenierung \u00bbHexe Hillary geht in die Oper\u00ab, Wanderoper Brandenburg 2015 &lt;\/p&gt; \" data-medium-file=\"http:\/\/wanderoper.de\/wp-content\/uploads\/2015\/11\/a-DSC09316-300x190.jpg\" data-large-file=\"http:\/\/wanderoper.de\/wp-content\/uploads\/2015\/11\/a-DSC09316-1024x649.jpg\" src=\"https:\/\/i0.wp.com\/wanderoper.de\/wp-content\/uploads\/2015\/11\/a-DSC09316.jpg?w=378&#038;h=240\" width=\"378\" height=\"240\" data-original-width=\"378\" data-original-height=\"240\" itemprop=\"http:\/\/schema.org\/image\" title=\"a DSC09316\" alt=\"a DSC09316\" style=\"width: 378px; height: 240px;\" \/> <\/a> <\/div> <\/div> <!-- close group --> <\/div> <!-- close row --> <div class=\"gallery-row\" style=\"width: 1140px; height: 358px;\" data-original-width=\"1140\" data-original-height=\"358\" > <div class=\"gallery-group images-1\" style=\"width: 612px; height: 358px;\" data-original-width=\"612\" data-original-height=\"358\" > <div class=\"tiled-gallery-item tiled-gallery-item-large\" itemprop=\"associatedMedia\" itemscope itemtype=\"http:\/\/schema.org\/ImageObject\"> <a href=\"https:\/\/i0.wp.com\/wanderoper.de\/wp-content\/uploads\/2015\/11\/a-DSC09343.jpg\" border=\"0\" itemprop=\"url\"> <meta itemprop=\"width\" content=\"608\"> <meta itemprop=\"height\" content=\"354\"> <img data-attachment-id=\"1329\" data-orig-file=\"http:\/\/wanderoper.de\/wp-content\/uploads\/2015\/11\/a-DSC09343.jpg\" data-orig-size=\"4569,2657\" data-comments-opened=\"\" data-image-meta=\"{&quot;aperture&quot;:&quot;5.6&quot;,&quot;credit&quot;:&quot;&quot;,&quot;camera&quot;:&quot;NEX-6&quot;,&quot;caption&quot;:&quot;&quot;,&quot;created_timestamp&quot;:&quot;1434625657&quot;,&quot;copyright&quot;:&quot;&quot;,&quot;focal_length&quot;:&quot;50&quot;,&quot;iso&quot;:&quot;3200&quot;,&quot;shutter_speed&quot;:&quot;0.008&quot;,&quot;title&quot;:&quot;&quot;,&quot;orientation&quot;:&quot;1&quot;}\" data-image-title=\"a DSC09343\" data-image-description=\"&lt;p&gt;Bilder der Inszenierung \u00bbHexe Hillary geht in die Oper\u00ab, Wanderoper Brandenburg 2015 &lt;\/p&gt; \" data-medium-file=\"http:\/\/wanderoper.de\/wp-content\/uploads\/2015\/11\/a-DSC09343-300x174.jpg\" data-large-file=\"http:\/\/wanderoper.de\/wp-content\/uploads\/2015\/11\/a-DSC09343-1024x595.jpg\" src=\"https:\/\/i0.wp.com\/wanderoper.de\/wp-content\/uploads\/2015\/11\/a-DSC09343.jpg?w=608&#038;h=354\" width=\"608\" height=\"354\" data-original-width=\"608\" data-original-height=\"354\" itemprop=\"http:\/\/schema.org\/image\" title=\"a DSC09343\" alt=\"a DSC09343\" style=\"width: 608px; height: 354px;\" \/> <\/a> <\/div> <\/div> <!-- close group --> <div class=\"gallery-group images-1\" style=\"width: 528px; height: 358px;\" data-original-width=\"528\" data-original-height=\"358\" > <div class=\"tiled-gallery-item tiled-gallery-item-large\" itemprop=\"associatedMedia\" itemscope itemtype=\"http:\/\/schema.org\/ImageObject\"> <a href=\"https:\/\/i0.wp.com\/wanderoper.de\/wp-content\/uploads\/2015\/11\/a-DSC09352.jpg\" border=\"0\" itemprop=\"url\"> <meta itemprop=\"width\" content=\"524\"> <meta itemprop=\"height\" content=\"354\"> <img data-attachment-id=\"1330\" data-orig-file=\"http:\/\/wanderoper.de\/wp-content\/uploads\/2015\/11\/a-DSC09352.jpg\" data-orig-size=\"1024,692\" data-comments-opened=\"\" data-image-meta=\"{&quot;aperture&quot;:&quot;4&quot;,&quot;credit&quot;:&quot;&quot;,&quot;camera&quot;:&quot;NEX-6&quot;,&quot;caption&quot;:&quot;&quot;,&quot;created_timestamp&quot;:&quot;1434625823&quot;,&quot;copyright&quot;:&quot;&quot;,&quot;focal_length&quot;:&quot;23&quot;,&quot;iso&quot;:&quot;1000&quot;,&quot;shutter_speed&quot;:&quot;0.0166666666667&quot;,&quot;title&quot;:&quot;&quot;,&quot;orientation&quot;:&quot;1&quot;}\" data-image-title=\"a DSC09352\" data-image-description=\"&lt;p&gt;Bilder der Inszenierung \u00bbHexe Hillary geht in die Oper\u00ab, Wanderoper Brandenburg 2015 &lt;\/p&gt; \" data-medium-file=\"http:\/\/wanderoper.de\/wp-content\/uploads\/2015\/11\/a-DSC09352-300x203.jpg\" data-large-file=\"http:\/\/wanderoper.de\/wp-content\/uploads\/2015\/11\/a-DSC09352-1024x692.jpg\" src=\"https:\/\/i0.wp.com\/wanderoper.de\/wp-content\/uploads\/2015\/11\/a-DSC09352.jpg?w=524&#038;h=354\" width=\"524\" height=\"354\" data-original-width=\"524\" data-original-height=\"354\" itemprop=\"http:\/\/schema.org\/image\" title=\"a DSC09352\" alt=\"a DSC09352\" style=\"width: 524px; height: 354px;\" \/> <\/a> <\/div> <\/div> <!-- close group --> <\/div> <!-- close row --> <div class=\"gallery-row\" style=\"width: 1140px; height: 181px;\" data-original-width=\"1140\" data-original-height=\"181\" > <div class=\"gallery-group images-1\" style=\"width: 296px; height: 181px;\" data-original-width=\"296\" data-original-height=\"181\" > <div class=\"tiled-gallery-item tiled-gallery-item-large\" itemprop=\"associatedMedia\" itemscope itemtype=\"http:\/\/schema.org\/ImageObject\"> <a href=\"https:\/\/i0.wp.com\/wanderoper.de\/wp-content\/uploads\/2015\/11\/a-DSC09367.jpg\" border=\"0\" itemprop=\"url\"> <meta itemprop=\"width\" content=\"292\"> <meta itemprop=\"height\" content=\"177\"> <img data-attachment-id=\"1331\" data-orig-file=\"http:\/\/wanderoper.de\/wp-content\/uploads\/2015\/11\/a-DSC09367.jpg\" data-orig-size=\"1024,621\" data-comments-opened=\"\" data-image-meta=\"{&quot;aperture&quot;:&quot;4.5&quot;,&quot;credit&quot;:&quot;&quot;,&quot;camera&quot;:&quot;NEX-6&quot;,&quot;caption&quot;:&quot;&quot;,&quot;created_timestamp&quot;:&quot;1434626099&quot;,&quot;copyright&quot;:&quot;&quot;,&quot;focal_length&quot;:&quot;24&quot;,&quot;iso&quot;:&quot;1000&quot;,&quot;shutter_speed&quot;:&quot;0.0166666666667&quot;,&quot;title&quot;:&quot;&quot;,&quot;orientation&quot;:&quot;1&quot;}\" data-image-title=\"a DSC09367\" data-image-description=\"&lt;p&gt;Bilder der Inszenierung \u00bbHexe Hillary geht in die Oper\u00ab, Wanderoper Brandenburg 2015 &lt;\/p&gt; \" data-medium-file=\"http:\/\/wanderoper.de\/wp-content\/uploads\/2015\/11\/a-DSC09367-300x182.jpg\" data-large-file=\"http:\/\/wanderoper.de\/wp-content\/uploads\/2015\/11\/a-DSC09367-1024x621.jpg\" src=\"https:\/\/i0.wp.com\/wanderoper.de\/wp-content\/uploads\/2015\/11\/a-DSC09367.jpg?w=292&#038;h=177\" width=\"292\" height=\"177\" data-original-width=\"292\" data-original-height=\"177\" itemprop=\"http:\/\/schema.org\/image\" title=\"a DSC09367\" alt=\"a DSC09367\" style=\"width: 292px; height: 177px;\" \/> <\/a> <\/div> <\/div> <!-- close group --> <div class=\"gallery-group images-1\" style=\"width: 320px; height: 181px;\" data-original-width=\"320\" data-original-height=\"181\" > <div class=\"tiled-gallery-item tiled-gallery-item-large\" itemprop=\"associatedMedia\" itemscope itemtype=\"http:\/\/schema.org\/ImageObject\"> <a href=\"https:\/\/i0.wp.com\/wanderoper.de\/wp-content\/uploads\/2015\/11\/a-DSC09389.jpg\" border=\"0\" itemprop=\"url\"> <meta itemprop=\"width\" content=\"316\"> <meta itemprop=\"height\" content=\"177\"> <img data-attachment-id=\"1332\" data-orig-file=\"http:\/\/wanderoper.de\/wp-content\/uploads\/2015\/11\/a-DSC09389.jpg\" data-orig-size=\"1024,575\" data-comments-opened=\"\" data-image-meta=\"{&quot;aperture&quot;:&quot;5.6&quot;,&quot;credit&quot;:&quot;&quot;,&quot;camera&quot;:&quot;NEX-6&quot;,&quot;caption&quot;:&quot;&quot;,&quot;created_timestamp&quot;:&quot;1434626332&quot;,&quot;copyright&quot;:&quot;&quot;,&quot;focal_length&quot;:&quot;50&quot;,&quot;iso&quot;:&quot;2500&quot;,&quot;shutter_speed&quot;:&quot;0.0125&quot;,&quot;title&quot;:&quot;&quot;,&quot;orientation&quot;:&quot;1&quot;}\" data-image-title=\"a DSC09389\" data-image-description=\"&lt;p&gt;Bilder der Inszenierung \u00bbHexe Hillary geht in die Oper\u00ab, Wanderoper Brandenburg 2015 &lt;\/p&gt; \" data-medium-file=\"http:\/\/wanderoper.de\/wp-content\/uploads\/2015\/11\/a-DSC09389-300x168.jpg\" data-large-file=\"http:\/\/wanderoper.de\/wp-content\/uploads\/2015\/11\/a-DSC09389-1024x575.jpg\" src=\"https:\/\/i0.wp.com\/wanderoper.de\/wp-content\/uploads\/2015\/11\/a-DSC09389.jpg?w=316&#038;h=177\" width=\"316\" height=\"177\" data-original-width=\"316\" data-original-height=\"177\" itemprop=\"http:\/\/schema.org\/image\" title=\"a DSC09389\" alt=\"a DSC09389\" style=\"width: 316px; height: 177px;\" \/> <\/a> <\/div> <\/div> <!-- close group --> <div class=\"gallery-group images-1\" style=\"width: 280px; height: 181px;\" data-original-width=\"280\" data-original-height=\"181\" > <div class=\"tiled-gallery-item tiled-gallery-item-large\" itemprop=\"associatedMedia\" itemscope itemtype=\"http:\/\/schema.org\/ImageObject\"> <a href=\"https:\/\/i0.wp.com\/wanderoper.de\/wp-content\/uploads\/2015\/11\/a-DSC09442.jpg\" border=\"0\" itemprop=\"url\"> <meta itemprop=\"width\" content=\"276\"> <meta itemprop=\"height\" content=\"177\"> <img data-attachment-id=\"1333\" data-orig-file=\"http:\/\/wanderoper.de\/wp-content\/uploads\/2015\/11\/a-DSC09442.jpg\" data-orig-size=\"1024,658\" data-comments-opened=\"\" data-image-meta=\"{&quot;aperture&quot;:&quot;5.6&quot;,&quot;credit&quot;:&quot;&quot;,&quot;camera&quot;:&quot;NEX-6&quot;,&quot;caption&quot;:&quot;&quot;,&quot;created_timestamp&quot;:&quot;1434626807&quot;,&quot;copyright&quot;:&quot;&quot;,&quot;focal_length&quot;:&quot;44&quot;,&quot;iso&quot;:&quot;2500&quot;,&quot;shutter_speed&quot;:&quot;0.0125&quot;,&quot;title&quot;:&quot;&quot;,&quot;orientation&quot;:&quot;1&quot;}\" data-image-title=\"a DSC09442\" data-image-description=\"&lt;p&gt;Bilder der Inszenierung \u00bbHexe Hillary geht in die Oper\u00ab, Wanderoper Brandenburg 2015 &lt;\/p&gt; \" data-medium-file=\"http:\/\/wanderoper.de\/wp-content\/uploads\/2015\/11\/a-DSC09442-300x193.jpg\" data-large-file=\"http:\/\/wanderoper.de\/wp-content\/uploads\/2015\/11\/a-DSC09442-1024x658.jpg\" src=\"https:\/\/i0.wp.com\/wanderoper.de\/wp-content\/uploads\/2015\/11\/a-DSC09442.jpg?w=276&#038;h=177\" width=\"276\" height=\"177\" data-original-width=\"276\" data-original-height=\"177\" itemprop=\"http:\/\/schema.org\/image\" title=\"a DSC09442\" alt=\"a DSC09442\" style=\"width: 276px; height: 177px;\" \/> <\/a> <\/div> <\/div> <!-- close group --> <div class=\"gallery-group images-1\" style=\"width: 244px; height: 181px;\" data-original-width=\"244\" data-original-height=\"181\" > <div class=\"tiled-gallery-item tiled-gallery-item-small\" itemprop=\"associatedMedia\" itemscope itemtype=\"http:\/\/schema.org\/ImageObject\"> <a href=\"https:\/\/i0.wp.com\/wanderoper.de\/wp-content\/uploads\/2015\/11\/a-DSC09456.jpg\" border=\"0\" itemprop=\"url\"> <meta itemprop=\"width\" content=\"240\"> <meta itemprop=\"height\" content=\"177\"> <img data-attachment-id=\"1334\" data-orig-file=\"http:\/\/wanderoper.de\/wp-content\/uploads\/2015\/11\/a-DSC09456.jpg\" data-orig-size=\"1024,757\" data-comments-opened=\"\" data-image-meta=\"{&quot;aperture&quot;:&quot;4.5&quot;,&quot;credit&quot;:&quot;&quot;,&quot;camera&quot;:&quot;NEX-6&quot;,&quot;caption&quot;:&quot;&quot;,&quot;created_timestamp&quot;:&quot;1434626937&quot;,&quot;copyright&quot;:&quot;&quot;,&quot;focal_length&quot;:&quot;27&quot;,&quot;iso&quot;:&quot;1000&quot;,&quot;shutter_speed&quot;:&quot;0.0166666666667&quot;,&quot;title&quot;:&quot;&quot;,&quot;orientation&quot;:&quot;1&quot;}\" data-image-title=\"a DSC09456\" data-image-description=\"&lt;p&gt;Bilder der Inszenierung \u00bbHexe Hillary geht in die Oper\u00ab, Wanderoper Brandenburg 2015 &lt;\/p&gt; \" data-medium-file=\"http:\/\/wanderoper.de\/wp-content\/uploads\/2015\/11\/a-DSC09456-300x222.jpg\" data-large-file=\"http:\/\/wanderoper.de\/wp-content\/uploads\/2015\/11\/a-DSC09456-1024x757.jpg\" src=\"https:\/\/i0.wp.com\/wanderoper.de\/wp-content\/uploads\/2015\/11\/a-DSC09456.jpg?w=240&#038;h=177\" width=\"240\" height=\"177\" data-original-width=\"240\" data-original-height=\"177\" itemprop=\"http:\/\/schema.org\/image\" title=\"a DSC09456\" alt=\"a DSC09456\" style=\"width: 240px; height: 177px;\" \/> <\/a> <\/div> <\/div> <!-- close group --> <\/div> <!-- close row --> <\/div>\n","protected":false},"excerpt":{"rendered":"<p>Die Hexe Hillary ist gl\u00fccklich und stolz: beim Preisr\u00e4tsel im Radio hat sie den ersten Preis gewonnen &#8211; zwei Freikarten f\u00fcr die Oper! Toll, aber was ist das \u2013 \u201eOper\u201c? Im Lexikon steht, das ist, wo alle immer nur singen. Hillary ist begeistert: das ist so verr\u00fcckt, das kann nur ein Singfluch sein, und den [&hellip;]<\/p>\n","protected":false},"author":1,"featured_media":0,"parent":774,"menu_order":0,"comment_status":"closed","ping_status":"closed","template":"page-templates\/page-repertoire.php","meta":{"jetpack_post_was_ever_published":false},"jetpack_sharing_enabled":true,"jetpack_shortlink":"https:\/\/wp.me\/P6Vnb4-lz","_links":{"self":[{"href":"http:\/\/wanderoper.de\/index.php?rest_route=\/wp\/v2\/pages\/1337"}],"collection":[{"href":"http:\/\/wanderoper.de\/index.php?rest_route=\/wp\/v2\/pages"}],"about":[{"href":"http:\/\/wanderoper.de\/index.php?rest_route=\/wp\/v2\/types\/page"}],"author":[{"embeddable":true,"href":"http:\/\/wanderoper.de\/index.php?rest_route=\/wp\/v2\/users\/1"}],"replies":[{"embeddable":true,"href":"http:\/\/wanderoper.de\/index.php?rest_route=%2Fwp%2Fv2%2Fcomments&post=1337"}],"version-history":[{"count":7,"href":"http:\/\/wanderoper.de\/index.php?rest_route=\/wp\/v2\/pages\/1337\/revisions"}],"predecessor-version":[{"id":1661,"href":"http:\/\/wanderoper.de\/index.php?rest_route=\/wp\/v2\/pages\/1337\/revisions\/1661"}],"up":[{"embeddable":true,"href":"http:\/\/wanderoper.de\/index.php?rest_route=\/wp\/v2\/pages\/774"}],"wp:attachment":[{"href":"http:\/\/wanderoper.de\/index.php?rest_route=%2Fwp%2Fv2%2Fmedia&parent=1337"}],"curies":[{"name":"wp","href":"https:\/\/api.w.org\/{rel}","templated":true}]}}